  

  
  {"id":640,"date":"2022-02-10T12:39:44","date_gmt":"2022-02-10T12:39:44","guid":{"rendered":"http:\/\/ourinclusiveschools.eu\/?page_id=640"},"modified":"2022-10-20T08:17:20","modified_gmt":"2022-10-20T08:17:20","slug":"webinar-2","status":"publish","type":"page","link":"http:\/\/ourinclusiveschools.eu\/index.php\/webinar-2\/","title":{"rendered":"Praticas de Ensino Inclusivo"},"content":{"rendered":"<div class=\"su-tabs su-tabs-style-default su-tabs-mobile-stack\" data-active=\"1\" data-scroll-offset=\"0\" data-anchor-in-url=\"no\"><div class=\"su-tabs-nav\"><span class=\"\" data-url=\"\" data-target=\"blank\" tabindex=\"0\" role=\"button\">Information<\/span><span class=\"\" data-url=\"\" data-target=\"blank\" tabindex=\"0\" role=\"button\">Register!<\/span><span class=\"\" data-url=\"\" data-target=\"blank\" tabindex=\"0\" role=\"button\">Location<\/span><span class=\"\" data-url=\"\" data-target=\"blank\" tabindex=\"0\" role=\"button\">Schedule<\/span><span class=\"\" data-url=\"\" data-target=\"blank\" tabindex=\"0\" role=\"button\">Contact<\/span><span class=\"\" data-url=\"\" data-target=\"blank\" tabindex=\"0\" role=\"button\">Photos<\/span><\/div><div class=\"su-tabs-panes\"><div class=\"su-tabs-pane su-u-clearfix su-u-trim\" data-title=\"Information\">O webinar, organizado pelo Instituto de Servi\u00e7o Social da Universidade Lus\u00f3fona de Lisboa, surge no \u00e2mbito do PIECIT &#8211; projeto com o apoio do programa Erasmus+ K-A2, promovido atrav\u00e9s de uma parceria entre quatro universidades e tr\u00eas escolas do ensino b\u00e1sico (6-12 anos) de Espanha, Chipre, It\u00e1lia e Portugal.<br \/>\nObjetivo: debater pr\u00e1ticas inclusiva de educa\u00e7\u00e3o e estrat\u00e9gias de ensino criativo com o uso de tecnologias de informa\u00e7\u00e3o e comunica\u00e7\u00e3o e apresentar uma experi\u00eancia (real Col\u00e9gio)<br \/>\n<\/div>\n<div class=\"su-tabs-pane su-u-clearfix su-u-trim\" data-title=\"Register!\">O registo est\u00e1 agora encerrado. Pode assistir ao webinar no seguinte link:<br \/>\n<iframe loading=\"lazy\" title=\"Pr\u00e1ticas de Ensino Inclusivo\" width=\"800\" height=\"450\" src=\"https:\/\/www.youtube.com\/embed\/PNkMn0YSJxA?feature=oembed\" frameborder=\"0\" allow=\"accelerometer; autoplay; clipboard-write; encrypted-media; gyroscope; picture-in-picture\" allowfullscreen><\/iframe><br \/>\n<\/div>\n<div class=\"su-tabs-pane su-u-clearfix su-u-trim\" data-title=\"Location\">Portugal<\/div>\n<div class=\"su-tabs-pane su-u-clearfix su-u-trim\" data-title=\"Schedule\">Breve apresenta\u00e7\u00e3o do projeto PIECIT<br \/>\nReflex\u00e3o em torno de dois temas:<br \/>\n\u2022 Educa\u00e7\u00e3o inclusiva<br \/>\n\u2022 Pr\u00e1ticas criativas e inovadoras com o uso das tecnologias de informa\u00e7\u00e3o e comunica\u00e7\u00e3o<br \/>\nPalestrantes:<br \/>\n\u2022\tMaria Odete Emygdio da Silva, Professora Associada da ULHT, doutorada em Educa\u00e7\u00e3o, investigadora integrada do Centro de Estudos Interdisciplinares em Educa\u00e7\u00e3o e Desenvolvimento (CeiED) da ULHT e membro da AFIRSE e da Sociedade Portuguesa de Ci\u00eancias da Educa\u00e7\u00e3o.<br \/>\n\u2022\tAugusto Deodato Guerreiro, agregado em Ci\u00eancias da Comunica\u00e7\u00e3o, Professor Catedr\u00e1tico e Investigador na ECATI\/ULHT doutor em Ci\u00eancias da Comunica\u00e7\u00e3o, especialidade Comunica\u00e7\u00e3o e Cultura Inclusivas e em Comunica\u00e7\u00e3o e Cultura, ensa\u00edsta.<br \/>\n\u2022\tReal Col\u00e9gio de Portugal, com a participa\u00e7\u00e3o de M\u00f3nica Justino e Marta Silva, psic\u00f3loga e professora<br \/>\nCoordena: Jacqueline Marques e H\u00e9lia Bracons<br \/>\n<\/div>\n<div class=\"su-tabs-pane su-u-clearfix su-u-trim\" data-title=\"Contact\"> Send an email to: jacqueline.marques@ulusofona.pt <\/div>\n<div class=\"su-tabs-pane su-u-clearfix su-u-trim\" data-title=\"Photos\">\n<center><br \/>\n<img decoding=\"async\" src=\"http:\/\/ourinclusiveschools.eu\/wp-content\/plugins\/mike_plugin\/uploads\/webinar2.png\"><br \/>\n<\/center><\/p>\n<\/div><\/div><\/div>\n","protected":false},"excerpt":{"rendered":"","protected":false},"author":1,"featured_media":0,"parent":0,"menu_order":0,"comment_status":"closed","ping_status":"closed","template":"","meta":{"_mi_skip_tracking":false},"_links":{"self":[{"href":"http:\/\/ourinclusiveschools.eu\/index.php\/wp-json\/wp\/v2\/pages\/640"}],"collection":[{"href":"http:\/\/ourinclusiveschools.eu\/index.php\/wp-json\/wp\/v2\/pages"}],"about":[{"href":"http:\/\/ourinclusiveschools.eu\/index.php\/wp-json\/wp\/v2\/types\/page"}],"author":[{"embeddable":true,"href":"http:\/\/ourinclusiveschools.eu\/index.php\/wp-json\/wp\/v2\/users\/1"}],"replies":[{"embeddable":true,"href":"http:\/\/ourinclusiveschools.eu\/index.php\/wp-json\/wp\/v2\/comments?post=640"}],"version-history":[{"count":5,"href":"http:\/\/ourinclusiveschools.eu\/index.php\/wp-json\/wp\/v2\/pages\/640\/revisions"}],"predecessor-version":[{"id":977,"href":"http:\/\/ourinclusiveschools.eu\/index.php\/wp-json\/wp\/v2\/pages\/640\/revisions\/977"}],"wp:attachment":[{"href":"http:\/\/ourinclusiveschools.eu\/index.php\/wp-json\/wp\/v2\/media?parent=640"}],"curies":[{"name":"wp","href":"https:\/\/api.w.org\/{rel}","templated":true}]}}